3 - -43)?
5, 43
Suppose -3 = 5*p + 4*l - 7, 3*p + 3*l - 3 = 0. Suppose p*r = -2*r + 10. Suppose y - 5*s - 68 = -3*y, r*y - 4*s = 76. List the prime factors of y.
2, 3
Suppose -3 = 2*c - 1. Let y = c + 18. What are the prime factors of y?
17
Let a be -1*(1 - 1)/(-3). Suppose 3*y - 8*y + 73 = -4*g, a = y + g - 11. What are the prime factors of y?
13
Suppose 6*w = 10*w - 136. List the prime factors of w.
2, 17
Let u(c) = c + 10. List the prime factors of u(0).
2, 5
Let x(r) = r**2 + 3*r - 7. Let h be x(-5). Suppose -7 = -h*p - k + 4, -4*p + 13 = 3*k. What are the prime factors of p?
2
Let r(b) = -8*b + 3. Let o(t) = -12*t + 4. Let k(n) = -5*o(n) + 8*r(n). What are the prime factors of k(-5)?
2, 3
Let r(c) be the first derivative of 4*c**3/3 + 7*c**2/2 - 8*c + 2. Let x be r(-6). What are the prime factors of x/18 - (-4)/(-18)?
5
Suppose 4*i - 280 = 4*j, -3*i = -j + 115 - 315. Let c = i - 46. What are the prime factors of c?
19
Suppose 0 = 4*c - 3*q - 156, 4*c = 2*q - 54 + 214. What are the prime factors of c?
2, 3, 7
List the prime factors of 3/((36/112)/3).
2, 7
Let y = 17 - 14. Suppose -3*n + 4*c + 94 = 0, -y*n - 56 + 146 = -3*c. List the prime factors of n.
2, 13
Let b = 374 - 221. What are the prime factors of b?
3, 17
Let w be 1*(-1 - (-1 - 0)). Suppose w = c - 2. Suppose 0*v + 22 = c*v. List the prime factors of v.
11
Let c(a) = -a + 2. Let f = 11 + -7. Suppose r + 10 = f. List the prime factors of c(r).
2
Suppose 0*x = 5*x. Suppose x = 2*y - 5*y + 42. What are the prime factors of y?
2, 7
Let z(m) = -m**3 - 20*m**2 - 3*m + 4. List the prime factors of z(-20).
2
List the prime factors of (-494)/(-14) + (-8)/28.
5, 7
Let y be 19/3 - (-4)/6. Let j(t) = -2*t**3 + y + 5*t**2 - t + t**3 + 0*t. What are the prime factors of j(5)?
2
Suppose 3*n = 14*n - 2090. List the prime factors of n.
2, 5, 19
Let n = -22 - -37. What are the prime factors of (-6)/n - (-97)/5?
19
Suppose -2*x + x = 0. Suppose 0 = -3*q - x*q + 3. List the prime factors of 2 + (4 - (-3 + q)).
2
Let g(n) = n**2 + n + 4. Suppose 5*p - 23 + 3 = 0. Suppose -5*d + 0 = t - 2, p*d = 2*t + 10. List the prime factors of g(t).
2, 5
Let w be ((-3)/9 - -1)*6. Suppose -2 = 4*d - w*x - 22, -21 = -4*d + 5*x. Suppose -65 = -a - d*a. List the prime factors of a.
13
Let v(l) = -l + 10. Let j be v(6). Suppose 3*a + 51 = 5*t + j*a, -20 = 5*a. List the prime factors of t.
11
Let z = 66 + -38. List the prime factors of z.
2, 7
Suppose t - 3*j = j + 8, 6 = 4*t - 3*j. What are the prime factors of (1 + t)*8/1?
2
Let d be ((-57)/12)/((-1)/4). Let r = -6 + d. What are the prime factors of r?
13
Let o = -97 - -183. Suppose o + 69 = 4*m - 3*k, 2*m + 5*k - 71 = 0. List the prime factors of m.
2, 19
Let c be (-2 + 8)/2 - 1. Let v = 5 + c. What are the prime factors of v?
7
Let s = -50 - -82. Suppose f + s = 5*f. What are the prime factors of f?
2
Let p = 15 + -21. Let t(m) = -4*m + 6. What are the prime factors of t(p)?
2, 3, 5
Suppose -12*n - 465 = -17*n. What are the prime factors of n?
3, 31
Suppose 0 = 4*x - 83 - 29. What are the prime factors of x?
2, 7
Suppose 7 = -2*h - 3*w, 21 = -5*w - 4. Suppose -h*g = g + 20. Let m = g - -17. List the prime factors of m.
13
Let k(w) = w**3 - 5*w**2 + 3*w + 6. Let f be k(5). Let d = f - 11. What are the prime factors of d?
2, 5
Let w be (-202)/(-8) + 1/(-4). Let n be 0 + w - (-3 + 1). Suppose 7 - n = -2*u. List the prime factors of u.
2, 5
List the prime factors of (-1)/(-2)*23*6.
3, 23
Suppose 6 = 5*k + 1. Let y = 2 - k. Let c = y + 1. What are the prime factors of c?
2
Let z be (2/(-4))/(1/4). Suppose l - 2 + 8 = 0. List the prime factors of (l/z)/1 + 2.
5
Let o(z) = 3*z - 9. Let u be o(7). Suppose 4*j + l - 3 = 0, j + 0*l - 4*l = -u. What are the prime factors of (j - -3)/(-3)*-11?
11
Let k = 2 + 0. Suppose -2*n = -2*f, -2*n + 4*f - 2 - k = 0. Suppose n*x = -x + 18. What are the prime factors of x?
2, 3
Let q = -11 + 22. Let i(n) = -2*n**3 + 8*n**2 + 6*n - 17. Let t(y) = y**3 - 4*y**2 - 3*y + 9. Let h(z) = q*t(z) + 6*i(z). What are the prime factors of h(4)?
3
Let b be 16/6*(-27)/(-2). Let v(s) = -s**2 + s + 4. Let p be v(6). Let i = b + p. List the prime factors of i.
2, 5
Let p be (-1)/((9/15)/(-3)). Suppose 0 = -3*g - 0*q - q + 16, -10 = p*q. List the prime factors of g.
2, 3
Let f be 2/4*(8 + 6). Suppose -5*t - 40 = -f*t. List the prime factors of t.
2, 5
Suppose -849 = -5*a - 314. List the prime factors of a.
107
Let u(j) = 7*j - 2. Let k(g) = -g - 1. Let l(y) = -3*k(y) + u(y). List the prime factors of l(1).
11
Suppose 5*o = 4 + 6. Suppose -j = o*j. Suppose a - 2*k - 20 = j, -4*a + 5 = -2*a + 3*k. List the prime factors of a.
2, 5
Let u = -92 + 97. What are the prime factors of u?
5
Let y(k) be the second derivative of k**4/12 + k**3/6 - k**2/2 + k. Let o = -39 - -34. What are the prime factors of y(o)?
19
Suppose -3*v + 0*v + 40 = g, -g = v - 12. Suppose 0 = 2*i + 3 - 17. Let n = v - i. List the prime factors of n.
7
Suppose 19 + 5 = -2*f. Let u = f - -18. List the prime factors of u.
2, 3
Let n(r) = 3*r**2 - r - 2. Let u(s) = -s + 9. Let p be u(7). List the prime factors of n(p).
2
Let k(v) = v**3 + 16*v**2 + 28*v + 9. List the prime factors of k(-14).
3
Let m = -1 + 6. Let w be (-1)/2 + m/(-10). List the prime factors of (w + -15)/(-1 - 0).
2
Let m be (3/4 + -1)*-12. Suppose -w + 2*w = m. What are the prime factors of w?
3
Suppose -4*u = 0, -5*l + 775 = -0*l + 3*u. Suppose 0 = 5*q + 4*r - l, 0*q + 5*r + 124 = 4*q. List the prime factors of q.
31
Let y be 1/(-2)*58/1. Let k = 44 + y. What are the prime factors of k?
3, 5
Let n be (-1311)/(-76) + (-2)/8. Suppose 4*v = -p + n, -3*p + 4*v = 30 - 129. What are the prime factors of p?
29
Let k(b) = -b + 7. Let y(u) = 1. Let h(r) = k(r) + 2*y(r). Let o be h(7). List the prime factors of (5/o - 2)*4.
2
What are the prime factors of (-12)/(-8) - (-303)/6?
2, 13
Let t(b) = -9*b + 17. Let o(r) = -8*r + 17. Let c(g) = -6*o(g) + 5*t(g). What are the prime factors of c(14)?
5
Let z = -8 - -45. List the prime factors of z.
37
Let r = -8 + 6. Let j be 4*(r - (-22)/8). Suppose -j*z + 18 = -0*z. List the prime factors of z.
2, 3
Suppose 10 = -d - 4*p + 39, -d + 4*p + 21 = 0. Suppose -3*b = 2*b, -d = -5*j + b. Suppose a - 22 + j = 0. List the prime factors of a.
17
Let n(s) = -2*s**3 + 14*s**2 - 9*s + 9. Let b = -8 - -14. What are the prime factors of n(b)?
3
Let k = 7 + -4. Suppose 4*o = -2*t - k*t + 22, 0 = -4*o + t + 10. Let r = 5 - o. What are the prime factors of r?
2
Suppose 3*s = s + 114. List the prime factors of s.
3, 19
Let u = -22 + 25. Suppose 0*k + u*k = l + 116, 5*k = l + 194. What are the prime factors of k?
3, 13
Let p be (-1 - 21/(-12))*-4. Let a be ((-4)/p)/((-4)/(-12)). Suppose -a*h = -7*h + 30. List the prime factors of h.
2, 5
Suppose 0*g = 2*m + 2*g - 452, 2*m = -3*g + 448. List the prime factors of m.
2, 5, 23
Let q(u) = -u**3 + 5*u**2 - 4*u + 2. Let r be q(4). Let b(c) be the first derivative of 4*c**3/3 - 3*c**2/2 + c - 1. List the prime factors of b(r).
11
Suppose -d - 3*y = 7, -4*y - 9 - 35 = -3*d. Suppose -10*a + 60 = -d*a. What are the prime factors of a?
2, 3, 5
List the prime factors of 2/(2/(-3)) + 33 + 5.
5, 7
Suppose -3*z + 4*z - 5*h - 237 = 0, -465 = -2*z + h. List the prime factors of z.
2, 29
Suppose 6*a - 7*a + 58 = 0. List the prime factors of a.
2, 29
Suppose -q - 12 = -4*w, 3*w - 6 = -4*q - 16. What are the prime factors of w?
2
Let u = 17 + -15. Suppose 0 = -3*n - 2*c + 63, 2*n - 29 - 15 = -u*c. What are the prime factors of n?
19
Suppose -5*g = 0, -2 = -2*c - 4*g + 4. List the prime factors of ((-5)/(-2) - c)*-12.
2, 3
Suppose 2*j + m - 61 - 29 = 0, 4*j = -4*m + 184. List the prime factors of j.
2, 11
Suppose -4*k + 8 + 28 = 3*s, -64 = -5*k + s. Suppose -4*z + 16 + k = 0. Let m(l) = -l + 10. List the prime factors of m(z).
3
Let g(o) = o**3 - 8*o**2 + 10. What are the prime factors of g(8)?
2, 5
Let d(c) = c**2 - 3*c - 5. Let h be d(-2). Suppose w = 4*f - 2*f - 51, 0 = h*f - 2*w - 129. List the prime factors of f.
3
Suppose 0 = 5*u + 80 + 20. Let s = -9 - u. Suppose 3*w - s = 1. List the prime factors of w.
2
Let x(m) = 15*m + 19. Let w(q) = 5*q + 6. Let r(i) = -7*w(i) + 2*x(i). What are the prime factors of r(-3)?
11
Let i = -45 + 84. Suppose -4*n + 33 = -i. List the prime fact